composite number?
True
Is 39438793903 prime?
False
Is 13961699107 prime?
True
Is 111854499031 a prime number?
False
Is 565617757 a prime number?
False
Is 481136801 a prime number?
False
Is 9837832931 a prime number?
True
Is 660403027 a composite number?
False
Is 7176272591 prime?
True
Is 635593657 composite?
False
Is 18032831 a prime number?
True
Is 35426186791 a prime number?
True
Is 100649406863 prime?
True
Is 51433950229 composite?
False
Is 2465189777 prime?
True
Is 19230961031 prime?
False
Is 128733027343 prime?
True
Is 24491981263 a prime number?
True
Is 3034627202 prime?
False
Is 851996161 a composite number?
False
Is 6316005167 composite?
False
Is 8861705953 prime?
False
Is 2177897471 a prime number?
True
Is 4810240373 composite?
False
Is 19930710985 a composite number?
True
Is 36949915181 prime?
True
Is 14510853961 composite?
False
Is 4657451587 prime?
True
Is 17324806859 composite?
True
Is 457295981 a composite number?
True
Is 311533949 prime?
False
Is 8773924457 prime?
False
Is 475529281 a prime number?
False
Is 231085571 composite?
False
Is 15929923543 prime?
True
Is 242013917 composite?
False
Is 141683833 composite?
False
Is 149674691 prime?
True
Is 5645397809 a composite number?
True
Is 3414810431 composite?
False
Is 764929381 a composite number?
True
Is 1100936671 a prime number?
True
Is 117879906481 composite?
True
Is 1014775021 prime?
False
Is 43797422131 a composite number?
True
Is 38913487723 prime?
False
Is 1248252997 composite?
True
Is 393270841 a composite number?
False
Is 14783883899 a composite number?
False
Is 6433199351 prime?
False
Is 110090291 composite?
True
Is 152602687 a composite number?
True
Is 3212786189 composite?
True
Is 17303361557 composite?
False
Is 672662593 composite?
False
Is 109164161 a prime number?
True
Is 77946607241 a prime number?
True
Is 7100612573 a prime number?
True
Is 11015581897 prime?
True
Is 801096623 prime?
False
Is 8401245703 composite?
True
Is 759772159 a composite number?
False
Is 1423813649 composite?
False
Is 19807214239 prime?
False
Is 126227719 a composite number?
False
Is 4616151755 a prime number?
False
Is 20165124979 a composite number?
True
Is 5572040297 a composite number?
True
Is 136147217979 composite?
True
Is 1459404463 prime?
False
Is 23733001 a composite number?
True
Is 79258204249 a composite number?
True
Is 38512985813 a composite number?
False
Is 18149758579 a composite number?
False
Is 3148356207 composite?
True
Is 2536598513 prime?
True
Is 1310527826 composite?
True
Is 928528631 a prime number?
True
Is 10593374833 prime?
True
Is 2553513953 a prime number?
False
Is 6365218103 prime?
True
Is 1398982799 composite?
True
Is 110146739 composite?
False
Is 3416011217 prime?
False
Is 4272229987 a prime number?
True
Is 710744791 composite?
True
Is 296933417 composite?
True
Is 6064401571 prime?
False
Is 7542603313 composite?
True
Is 167103161 composite?
True
Is 5081192437 a prime number?
False
Is 624032833 composite?
True
Is 1379435237 a prime number?
False
Is 1096750097 a composite number?
True
Is 9894267701 a composite number?
True
Is 2254995263 a prime number?
True
Is 1183870147 prime?
True
Is 16029035827 prime?
False
Is 626545891 prime?
False
Is 10141187005 a composite number?
True
Is 3957745541 prime?
False
Is 2935994821 a prime number?
False
Is 9537281783 a composite number?
True
Is 6663781645 a composite number?
True
Is 16096109 a prime number?
True
Is 314510209 prime?
False
Is 29754832609 a prime number?
True
Is 2417369329 a prime number?
True
Is 427352509 a composite number?
False
Is 43920487067 a prime number?
False
Is 90113020105 composite?
True
Is 680021753 prime?
False
Is 602384663 composite?
True
Is 14274264661 a prime number?
False
Is 30600575485 a prime number?
False
Is 82505441401 a composite number?
False
Is 321773449 composite?
True
Is 191050969471 prime?
False
Is 8469330323 prime?
True
Is 568413760637 a composite number?
False
Is 6601849879 composite?
True
Is 18164885581 composite?
True
Is 142859987 a composite number?
True
Is 955321573 a composite number?
True
Is 455562317 prime?
False
Is 31763813 a prime number?
True
Is 64190817719 a composite number?
True
Is 37118453 prime?
True
Is 690210991 composite?
True
Is 65595269 a composite number?
False
Is 5043368599 composite?
True
Is 2315167849 prime?
False
Is 52553920259 a prime number?
True
Is 31922809771 a composite number?
False
Is 2068713893 prime?
True
Is 45073450691 composite?
False
Is 394576631 a composite number?
True
Is 92969517617 a composite number?
False
Is 482193209 composite?
True
Is 95711450669 a composite number?
False
Is 297413309 a composite number?
False
Is 12836387149 a prime number?
False
Is 32818517717 a prime number?
False
Is 1215907591 a composite number?
False
Is 57963367997 prime?
True
Is 672263029 composite?
False
Is 26118971 prime?
True
Is 950761535 prime?
False
Is 599276485 a prime number?
False
Is 16742741 prime?
False
Is 1069149649 a prime number?
False
Is 312940735655 composite?
True
Is 34779196099 composite?
False
Is 1826659319 a composite number?
True
Is 3168919757 a composite number?
True
Is 25137939329 prime?
False
Is 752835931 a prime number?
False
Is 146628283 prime?
False
Is 90805639 prime?
True
Is 47356607629 prime?
False
Is 76059864501 composite?
True
Is 164115205301 composite?
True
Is 61378571 a composite number?
False
Is 166479449 a prime number?
True
Is 819418153 a prime number?
True
Is 671676433 a prime number?
True
Is 255266941 composite?
False
Is 10855278539 prime?
False
Is 22521392077 prime?
True
Is 550959523 composite?
True
Is 23477461061 composite?
False
Is 37806594037 prime?
True
Is 2629730603 a prime number?
True
Is 2792207741 a composite number?
True
Is 826294753 composite?
False
Is 5447052139 a composite number?
False
Is 15148175059 a prime number?
False
Is 5853599966 composite?
True
Is 300351307 composite?
False
Is 58280079961 prime?
True
Is 1507661011 prime?
True
Is 737001599 prime?
False
Is 14257089371 composite?
True
Is 8435485183 a composite number?
False
Is 23985450623 a composite number?
True
Is 82859199349 a composite number?
False
Is 458359207 a prime number?
False
Is 2209326797 prime?
True
Is 53688655703 a composite number?
True
Is 2321371865 composite?
True
Is 139307851 a composite number?
True
Is 4107613557 a composite number?
True
Is 86423745442 prime?
False
Is 188531479457 a prime number?
False
Is 33847030849 a composite number?
False
Is 32752189103 composite?
True
Is 7877231059 prime?
False
Is 26116741679 a composite number?
True
Is 1932793711 prime?
False
Is 737422199 composite?
False
Is 11527611859 a composite number?
False
Is 2044077857 a composite number?
False
Is 449593007 a composite number?
True
Is 1084105159 a composite number?
False
Is 919686511 a prime number?
False
Is 1455237233 prime?
True
Is 56254919 a composite number?
True
Is 87694331969 a composite number?
True
Is 2744538481 prime?
True
Is 495933001 a prime number?
False
Is 7608368539 composite?
False
Is 3919734545 composite?
True
Is 226380359 a composite number?
False
Is 22693276787 composite?
True
Is 91132088603 a prime number?
True
Is 178397391079 a composite number?
True
Is 999727031 a prime number?
True
Is 23637476419 a composite number?
True
Is 32952979679 a prime number?
True
Is 773646977 composite?
False
Is 34590239657 prime?
True
Is 2178532249 composite?
False
Is 318954898 prime?
False
Is 32138327513 prime?
True
Is 677337665 composite?
True
Is 3735461461 prime?
False
Is 7244154713 composite?
False
Is 667053683 prime?
False
Is 974441729 composite?
True
Is 96532831 composite?
False
Is 39116915297 a prime number?
True
Is 232979969 composite?
False
Is 901126037 composite?
True
Is 1110670609 composite?
True
Is 21104090719 a prime number?
False
Is 66021473933 prime?
True
Is 60978371837 a prime number?
True
Is 571188751 composite?
True
Is 773752666 a prime number?
False
Is 4294528877 a composite number?
False
Is 9327129197 prime?
True
Is 1585238029 prime?
True
Is 5182715409 prime?
False
Is 545883181 a composite number?
True
Is 51693958469 composite?
True
Is 2591808922 composite?
True
Is 3112461005 a prime number?
False
Is 1696521053 prime?
True
Is 32681299951 a prime number?
False
Is 32233773811 composite?
True
Is 11810126441 a composite number?
True
Is 13598555633 prime